{"id":499,"date":"2019-08-07T01:01:15","date_gmt":"2019-08-06T23:01:15","guid":{"rendered":"http:\/\/lily-perf.com\/lb170293-ovh\/?page_id=499"},"modified":"2019-08-10T17:56:17","modified_gmt":"2019-08-10T15:56:17","slug":"fr-who-we-are-ibg","status":"publish","type":"page","link":"https:\/\/lily-perf.com\/lb170293-ovh\/fr\/fr-who-we-are-ibg\/","title":{"rendered":"Le r\u00e9seau IBG Global"},"content":{"rendered":"\r\n<div class=\"wp-block-media-text alignwide has-media-on-the-right\" style=\"grid-template-columns: auto 25%;\">\r\n<figure class=\"wp-block-media-text__media\"><img loading=\"lazy\" width=\"300\" height=\"188\" class=\"wp-image-501\" src=\"http:\/\/lily-perf.com\/lb170293-ovh\/wp-content\/uploads\/2019\/07\/SIGNATURES-NEW-e1563209755756-300x188.png\" alt=\"\" srcset=\"https:\/\/lily-perf.com\/lb170293-ovh\/wp-content\/uploads\/2019\/07\/SIGNATURES-NEW-e1563209755756-200x126.png 200w, https:\/\/lily-perf.com\/lb170293-ovh\/wp-content\/uploads\/2019\/07\/SIGNATURES-NEW-e1563209755756-300x188.png 300w, https:\/\/lily-perf.com\/lb170293-ovh\/wp-content\/uploads\/2019\/07\/SIGNATURES-NEW-e1563209755756-320x202.png 320w, https:\/\/lily-perf.com\/lb170293-ovh\/wp-content\/uploads\/2019\/07\/SIGNATURES-NEW-e1563209755756-400x251.png 400w, https:\/\/lily-perf.com\/lb170293-ovh\/wp-content\/uploads\/2019\/07\/SIGNATURES-NEW-e1563209755756-600x377.png 600w, https:\/\/lily-perf.com\/lb170293-ovh\/wp-content\/uploads\/2019\/07\/SIGNATURES-NEW-e1563209755756-700x441.png 700w, https:\/\/lily-perf.com\/lb170293-ovh\/wp-content\/uploads\/2019\/07\/SIGNATURES-NEW-e1563209755756-768x482.png 768w, https:\/\/lily-perf.com\/lb170293-ovh\/wp-content\/uploads\/2019\/07\/SIGNATURES-NEW-e1563209755756-800x502.png 800w, https:\/\/lily-perf.com\/lb170293-ovh\/wp-content\/uploads\/2019\/07\/SIGNATURES-NEW-e1563209755756.png 878w\" sizes=\"(max-width: 300px) 100vw, 300px\" \/><\/figure>\r\n<div class=\"wp-block-media-text__content\">\r\n<p>Lily-Perf a rejoint le r\u00e9seau IBG Global en 2018, en qualit\u00e9 de <strong>Senior Partner France<\/strong>, sur le constat d&#8217;un ADN partag\u00e9 avec les 22 autres Senior Partners.<\/p>\r\n\r\n\r\n\r\n<h1>Notre appartenance \u00e0 ce r\u00e9seau nous permet d&#8217;\u00e9pauler les entreprises et organisations, <strong><span style=\"color: #00a13a;\">aux niveaux strat\u00e9gique et op\u00e9rationnel,<\/span><\/strong> dans leurs projets de d\u00e9veloppement \u00e0 l&#8217;international, et d&#8217;assister les entreprises \u00e9trang\u00e8res dans leur implantation en France.<\/h1>\r\n<\/div>\r\n<\/div>\r\n\r\n\r\n<hr class=\"wp-block-separator is-style-wide\" \/>\r\n\r\n\r\n\r\n\r\n<h2 style=\"text-align: center;\"><span style=\"color: #00a13a;\">Histoire et raison d&#8217;\u00eatre<\/span><\/h2>\r\n<p>IBG Global est un r\u00e9seau d&#8217;<strong>entreprises ind\u00e9pendantes de conseil<\/strong> en business d\u00e9veloppement international, qui a \u00e9t\u00e9 fond\u00e9 en 2000.<\/p>\r\n\r\n\r\n\r\n<p>Les membres du r\u00e9seau sont <strong>solidement implant\u00e9s<\/strong> dans 53 pays et ce sont aujourd&#8217;hui <strong><span style=\"color: #00a13a;\">300 collaborateurs<\/span><\/strong> qui rayonnent sur plus de 100 pays du globe.<\/p>\r\n\r\n<p>&nbsp;<\/p>\r\n\r\n<div class=\"wp-block-media-text alignwide\">\r\n<figure class=\"wp-block-media-text__media\"><img loading=\"lazy\" class=\"alignnone wp-image-502 size-full\" src=\"http:\/\/lily-perf.com\/lb170293-ovh\/wp-content\/uploads\/2019\/07\/IBGGlobalMap-e1564408184445.jpg\" alt=\"\" width=\"1054\" height=\"544\" srcset=\"https:\/\/lily-perf.com\/lb170293-ovh\/wp-content\/uploads\/2019\/07\/IBGGlobalMap-e1564408184445-200x103.jpg 200w, https:\/\/lily-perf.com\/lb170293-ovh\/wp-content\/uploads\/2019\/07\/IBGGlobalMap-e1564408184445-300x155.jpg 300w, https:\/\/lily-perf.com\/lb170293-ovh\/wp-content\/uploads\/2019\/07\/IBGGlobalMap-e1564408184445-400x206.jpg 400w, https:\/\/lily-perf.com\/lb170293-ovh\/wp-content\/uploads\/2019\/07\/IBGGlobalMap-e1564408184445-600x310.jpg 600w, https:\/\/lily-perf.com\/lb170293-ovh\/wp-content\/uploads\/2019\/07\/IBGGlobalMap-e1564408184445-768x396.jpg 768w, https:\/\/lily-perf.com\/lb170293-ovh\/wp-content\/uploads\/2019\/07\/IBGGlobalMap-e1564408184445-800x413.jpg 800w, https:\/\/lily-perf.com\/lb170293-ovh\/wp-content\/uploads\/2019\/07\/IBGGlobalMap-e1564408184445-1024x529.jpg 1024w, https:\/\/lily-perf.com\/lb170293-ovh\/wp-content\/uploads\/2019\/07\/IBGGlobalMap-e1564408184445.jpg 1054w\" sizes=\"(max-width: 1054px) 100vw, 1054px\" \/><\/figure>\r\n<div class=\"wp-block-media-text__content\">\r\n<p>La raison d&#8217;\u00eatre d&#8217;IBG Global est d&#8217;aider les entreprises et les institutions \u00e0 explorer de nouveaux territoires, en repoussant les fronti\u00e8res constamment, <strong>voire en allant au-del\u00e0 des objectifs fix\u00e9s<\/strong>, de fa\u00e7on \u00e0 permettre aux populations qui en ont besoin d&#8217;acc\u00e9der \u00e0 des produits et services <span style=\"color: #00a13a;\"><strong>inspirants<\/strong><\/span>,\u00a0<span style=\"color: #00a13a;\"><strong>in<\/strong><strong>novants<\/strong><\/span> et <span style=\"color: #00a13a;\"><strong>abordables<\/strong><\/span>.<\/p>\r\n<\/div>\r\n<\/div>\r\n\r\n\r\n<hr class=\"wp-block-separator is-style-wide\" \/>\r\n\r\n\r\n<p>En France, nous nous appuyons sur l&#8217;expertise de 2 consultants et un r\u00e9seau de confiance d&#8217;experts.<\/p>\r\n\r\n\r\n\r\n<p>&nbsp;<\/p>\r\n\r\n\r\n\r\n<div class=\"wp-block-columns has-2-columns\">\r\n<div class=\"wp-block-column\">\r\n<div class=\"wp-block-button alignright\"><a class=\"wp-block-button__link has-background\" style=\"background-color: #575756;\" href=\"https:\/\/www.ibgglobal.com\/senior_partners\">IBG Global<\/a><\/div>\r\n<\/div>\r\n\r\n\r\n\r\n<div class=\"wp-block-column\">\r\n<div class=\"wp-block-button alignleft\"><a class=\"wp-block-button__link has-background\" style=\"background-color: #575756;\" href=\"http:\/\/lily-perf.com\/lb170293-ovh\/fr-who-we-are\/\">Qui nous sommes<\/a><\/div>\r\n<\/div>\r\n<\/div>\r\n","protected":false},"excerpt":{"rendered":"","protected":false},"author":1,"featured_media":0,"parent":0,"menu_order":0,"comment_status":"closed","ping_status":"closed","template":"","meta":[],"_links":{"self":[{"href":"https:\/\/lily-perf.com\/lb170293-ovh\/wp-json\/wp\/v2\/pages\/499"}],"collection":[{"href":"https:\/\/lily-perf.com\/lb170293-ovh\/wp-json\/wp\/v2\/pages"}],"about":[{"href":"https:\/\/lily-perf.com\/lb170293-ovh\/wp-json\/wp\/v2\/types\/page"}],"author":[{"embeddable":true,"href":"https:\/\/lily-perf.com\/lb170293-ovh\/wp-json\/wp\/v2\/users\/1"}],"replies":[{"embeddable":true,"href":"https:\/\/lily-perf.com\/lb170293-ovh\/wp-json\/wp\/v2\/comments?post=499"}],"version-history":[{"count":21,"href":"https:\/\/lily-perf.com\/lb170293-ovh\/wp-json\/wp\/v2\/pages\/499\/revisions"}],"predecessor-version":[{"id":929,"href":"https:\/\/lily-perf.com\/lb170293-ovh\/wp-json\/wp\/v2\/pages\/499\/revisions\/929"}],"wp:attachment":[{"href":"https:\/\/lily-perf.com\/lb170293-ovh\/wp-json\/wp\/v2\/media?parent=499"}],"curies":[{"name":"wp","href":"https:\/\/api.w.org\/{rel}","templated":true}]}}