{"id":452,"date":"2019-08-07T01:01:21","date_gmt":"2019-08-06T23:01:21","guid":{"rendered":"http:\/\/lily-perf.com\/lb170293-ovh\/?page_id=452"},"modified":"2019-08-12T18:52:54","modified_gmt":"2019-08-12T16:52:54","slug":"fr-purpose","status":"publish","type":"page","link":"http:\/\/lily-perf.com\/lb170293-ovh\/fr\/fr-purpose\/","title":{"rendered":"Notre raison d&#8217;\u00eatre"},"content":{"rendered":"<h1>NOUS AVONS CREE <strong><span style=\"color: #00a13a;\">LILY-PERF<\/span><\/strong> PARCE QUE:<\/h1>\r\n<ul>\r\n<li>\r\n<h1>Nous souhaitons avant tout vous rendre plus <span style=\"color: #00a13a;\"><strong>forts<\/strong><\/span> pour relever les d\u00e9fis \u00e0 venir, et <strong><span style=\"color: #00a13a;\">fiers<\/span><\/strong> des progr\u00e8s accomplis.<\/h1>\r\n<\/li>\r\n<li>\r\n<h1>Nous pensons que la <strong><span style=\"color: #00a13a;\">coh\u00e9rence<\/span><\/strong>, la <strong><span style=\"color: #00a13a;\">confiance<\/span><\/strong> et l&#8217;<strong><span style=\"color: #00a13a;\">engagement<\/span><\/strong> sont les r\u00e9v\u00e9lateurs d&#8217;une performance sup\u00e9rieure et durable.<\/h1>\r\n<\/li>\r\n<\/ul>\r\n<p>&nbsp;<\/p>\r\n<p><img loading=\"lazy\" class=\"alignnone wp-image-303 size-full\" src=\"http:\/\/lily-perf.com\/lb170293-ovh\/wp-content\/uploads\/2019\/07\/shutterstock_1160209675-e1564408991185.jpg\" alt=\"\" width=\"6000\" height=\"2025\" srcset=\"http:\/\/lily-perf.com\/lb170293-ovh\/wp-content\/uploads\/2019\/07\/shutterstock_1160209675-e1564408991185-200x68.jpg 200w, http:\/\/lily-perf.com\/lb170293-ovh\/wp-content\/uploads\/2019\/07\/shutterstock_1160209675-e1564408991185-300x101.jpg 300w, http:\/\/lily-perf.com\/lb170293-ovh\/wp-content\/uploads\/2019\/07\/shutterstock_1160209675-e1564408991185-400x135.jpg 400w, http:\/\/lily-perf.com\/lb170293-ovh\/wp-content\/uploads\/2019\/07\/shutterstock_1160209675-e1564408991185-600x203.jpg 600w, http:\/\/lily-perf.com\/lb170293-ovh\/wp-content\/uploads\/2019\/07\/shutterstock_1160209675-e1564408991185-768x259.jpg 768w, http:\/\/lily-perf.com\/lb170293-ovh\/wp-content\/uploads\/2019\/07\/shutterstock_1160209675-e1564408991185-800x270.jpg 800w, http:\/\/lily-perf.com\/lb170293-ovh\/wp-content\/uploads\/2019\/07\/shutterstock_1160209675-e1564408991185-1024x346.jpg 1024w, http:\/\/lily-perf.com\/lb170293-ovh\/wp-content\/uploads\/2019\/07\/shutterstock_1160209675-e1564408991185-1200x405.jpg 1200w, http:\/\/lily-perf.com\/lb170293-ovh\/wp-content\/uploads\/2019\/07\/shutterstock_1160209675-e1564408991185.jpg 6000w\" sizes=\"(max-width: 6000px) 100vw, 6000px\" \/><\/p>\r\n<p>&nbsp;<\/p>\r\n<ul>\r\n<li>\r\n<h1>Nous \u00e9clairons vos choix, nous vous guidons dans leur mise en oeuvre et soutenons la mobilisation des \u00e9quipes \u00e0 vos c\u00f4t\u00e9s, pour que votre entreprise puisse franchir avec <strong><span style=\"color: #00a13a;\">succ\u00e8s<\/span><\/strong> ses prochains caps de d\u00e9veloppement.<\/h1>\r\n<\/li>\r\n<\/ul>\r\n<h1><\/h1>\r\n<h1 style=\"text-align: center;\"><a href=\"http:\/\/lily-perf.com\/lb170293-ovh\/fr-who-we-are\/\">D\u00e9couvrez-en davantage sur Lily-Perf aujourd&#8217;hui<\/a>.<\/h1>\r\n<p style=\"text-align: left;\"><\/p>\r\n<p>&nbsp;<\/p>\r\n<hr \/>\r\n<p>&nbsp;<\/p>\r\n<p style=\"text-align: left;\"><\/p>\r\n<div class=\"wp-block-media-text alignwide\" style=\"grid-template-columns: 43% auto;\">\r\n<figure class=\"wp-block-media-text__media\"><img class=\"wp-image-40\" src=\"http:\/\/lily-perf.com\/lb170293-ovh\/wp-content\/uploads\/2019\/06\/shutterstock_128674913-751x1024.jpg\" alt=\"\" \/><\/figure>\r\n<div class=\"wp-block-media-text__content\">\r\n<h1 style=\"text-align: left;\">Nos moteurs et valeurs fondamentales sont la <strong><span style=\"color: #00a13a;\">coh\u00e9rence<\/span><\/strong>, la <strong><span style=\"color: #00a13a;\">confiance<\/span><\/strong> et l&#8217;<strong><span style=\"color: #00a13a;\">engagement<\/span><\/strong>:<\/h1>\r\n<p>\r\n\r\n<\/p>\r\n<p>La coh\u00e9rence entre la strat\u00e9gie d\u00e9cid\u00e9e par les organes de gouvernance et son ex\u00e9cution op\u00e9rationnelle, et plus g\u00e9n\u00e9ralement <strong><span style=\"color: #00a13a;\">la coh\u00e9rence entre les paroles et les actes<\/span><\/strong>, est g\u00e9n\u00e9ratrice d&#8217;engagement des \u00e9quipes.<\/p>\r\n<p>\r\n\r\n<\/p>\r\n<p>De m\u00eame, le respect de la parole donn\u00e9e est un param\u00e8tre de confiance pour les partenaires de l&#8217;entreprise. Or <strong><span style=\"color: #00a13a;\">seule la confiance permet de d\u00e9velopper une relation solide<\/span><\/strong>.<\/p>\r\n<p>\r\n\r\n<\/p>\r\n<p>Enfin, de nombreuses \u00e9tudes ont d\u00e9montr\u00e9 que l&#8217;engagement des \u00e9quipes, ressource la plus rare de l&#8217;entreprise, est <strong><span style=\"color: #00a13a;\">d\u00e9terminant sur sa performance<\/span><\/strong>.<\/p>\r\n<p><\/p>\r\n<\/div>\r\n<\/div>\r\n<p style=\"text-align: left;\">\r\n\r\n<\/p>\r\n<hr class=\"wp-block-separator is-style-wide\" \/>\r\n<p style=\"text-align: left;\"><\/p>\r\n<p>&nbsp;<\/p>\r\n<p style=\"text-align: left;\"><\/p>\r\n<h1>LILY-PERF S&#8217;ADRESSE aux entreprises de tous secteurs, qui vivent ou se pr\u00e9parent aux <span style=\"color: #00a13a;\"><strong>caps<\/strong><\/span> suivants:<\/h1>\r\n<p style=\"text-align: left;\">\r\n\r\n<\/p>\r\n<div class=\"wp-block-media-text alignwide\" style=\"grid-template-columns: 23% auto;\">\r\n<figure class=\"wp-block-media-text__media\"><img loading=\"lazy\" class=\"alignnone wp-image-545 size-full\" src=\"http:\/\/lily-perf.com\/lb170293-ovh\/wp-content\/uploads\/2019\/07\/shutterstock_354671135-1-e1563386740471.jpg\" alt=\"\" width=\"1771\" height=\"4320\" srcset=\"http:\/\/lily-perf.com\/lb170293-ovh\/wp-content\/uploads\/2019\/07\/shutterstock_354671135-1-e1563386740471-123x300.jpg 123w, http:\/\/lily-perf.com\/lb170293-ovh\/wp-content\/uploads\/2019\/07\/shutterstock_354671135-1-e1563386740471-200x488.jpg 200w, http:\/\/lily-perf.com\/lb170293-ovh\/wp-content\/uploads\/2019\/07\/shutterstock_354671135-1-e1563386740471-400x976.jpg 400w, http:\/\/lily-perf.com\/lb170293-ovh\/wp-content\/uploads\/2019\/07\/shutterstock_354671135-1-e1563386740471-420x1024.jpg 420w, http:\/\/lily-perf.com\/lb170293-ovh\/wp-content\/uploads\/2019\/07\/shutterstock_354671135-1-e1563386740471-600x1464.jpg 600w, http:\/\/lily-perf.com\/lb170293-ovh\/wp-content\/uploads\/2019\/07\/shutterstock_354671135-1-e1563386740471-768x1873.jpg 768w, http:\/\/lily-perf.com\/lb170293-ovh\/wp-content\/uploads\/2019\/07\/shutterstock_354671135-1-e1563386740471-800x1951.jpg 800w, http:\/\/lily-perf.com\/lb170293-ovh\/wp-content\/uploads\/2019\/07\/shutterstock_354671135-1-e1563386740471-1200x2927.jpg 1200w, http:\/\/lily-perf.com\/lb170293-ovh\/wp-content\/uploads\/2019\/07\/shutterstock_354671135-1-e1563386740471.jpg 1771w\" sizes=\"(max-width: 1771px) 100vw, 1771px\" \/><\/figure>\r\n<div class=\"wp-block-media-text__content\">\r\n<style type=\"text\/css\" scoped=\"scoped\">.fusion-accordian  #accordion-452-1 .panel-title a .fa-fusion-box{ color: #ffffff;}.fusion-accordian  #accordion-452-1 .panel-title a .fa-fusion-box:before{ font-size: 30px; width: 30px;}.fusion-accordian  #accordion-452-1 .panel-title a{font-size:30px;}.fusion-accordian  #accordion-452-1 .fa-fusion-box { background-color: #333333;border-color: #333333;}.fusion-accordian  #accordion-452-1 .panel-title a:hover, #accordion-452-1 .fusion-toggle-boxed-mode:hover .panel-title a { color: #00a13a;}.fusion-accordian  #accordion-452-1 .panel-title .active .fa-fusion-box,.fusion-accordian  #accordion-452-1 .panel-title a:hover .fa-fusion-box { background-color: #00a13a!important;border-color: #00a13a!important;}<\/style><div class=\"accordian fusion-accordian\"><div class=\"panel-group\" id=\"accordion-452-1\"><div class=\"fusion-panel panel-default\"><div class=\"panel-heading\"><h4 class=\"panel-title toggle\"><a class=\"active\" data-toggle=\"collapse\" data-parent=\"#accordion-452-1\" data-target=\"#8defc78a6ec323fe3\" href=\"#8defc78a6ec323fe3\"><div class=\"fusion-toggle-icon-wrapper\"><i class=\"fa-fusion-box\"><\/i><\/div><div class=\"fusion-toggle-heading\">Changement de dimension<\/div><\/a><\/h4><\/div><div id=\"8defc78a6ec323fe3\" class=\"panel-collapse collapse in\"><div class=\"panel-body toggle-content fusion-clearfix\"><\/p>\r\n<div class=\"wp-block-media-text alignwide\" style=\"grid-template-columns: 30% auto;\">\r\n<figure class=\"wp-block-media-text__media\"><img loading=\"lazy\" class=\"alignnone wp-image-482 size-medium\" src=\"http:\/\/lily-perf.com\/lb170293-ovh\/wp-content\/uploads\/2019\/07\/Icon-scale-283x300.png\" alt=\"\" width=\"283\" height=\"300\" \/><\/figure>\r\n<div class=\"wp-block-media-text__content\">\r\n<ul>\r\n<li>Hyper-croissance<\/li>\r\n<li>Internationalisation<\/li>\r\n<li>Multiplication ou r\u00e9organisation de sites distants<\/li>\r\n<li>Int\u00e9gration d&#8217;une acquisition, fusion ou scission<\/li>\r\n<li>Lancement de partenariat strat\u00e9gique (JV, distributeur, etc.)<\/li>\r\n<li>Diversification<\/li>\r\n<\/ul>\r\n<\/div>\r\n<\/div>\r\n<p><\/div><\/div><\/div><div class=\"fusion-panel panel-default\"><div class=\"panel-heading\"><h4 class=\"panel-title toggle\"><a data-toggle=\"collapse\" data-parent=\"#accordion-452-1\" data-target=\"#5827992bc551f92c3\" href=\"#5827992bc551f92c3\"><div class=\"fusion-toggle-icon-wrapper\"><i class=\"fa-fusion-box\"><\/i><\/div><div class=\"fusion-toggle-heading\">Refonte de l'actionnariat<\/div><\/a><\/h4><\/div><div id=\"5827992bc551f92c3\" class=\"panel-collapse collapse \"><div class=\"panel-body toggle-content fusion-clearfix\"><\/p>\r\n<div class=\"wp-block-media-text alignwide\" style=\"grid-template-columns: auto 70%;\">\r\n<figure class=\"wp-block-media-text__media\"><img loading=\"lazy\" class=\"alignnone wp-image-483 size-medium\" src=\"http:\/\/lily-perf.com\/lb170293-ovh\/wp-content\/uploads\/2019\/07\/Icon_salespanel-300x262.png\" alt=\"\" width=\"300\" height=\"262\" \/><\/figure>\r\n<div class=\"wp-block-media-text__content\">\r\n<ul>\r\n<li>Succession<\/li>\r\n<li>Ouverture de capital<\/li>\r\n<li>LBO<\/li>\r\n<li>Entr\u00e9e en bourse<\/li>\r\n<\/ul>\r\n<\/div>\r\n<\/div>\r\n<p><\/div><\/div><\/div><div class=\"fusion-panel panel-default\"><div class=\"panel-heading\"><h4 class=\"panel-title toggle\"><a data-toggle=\"collapse\" data-parent=\"#accordion-452-1\" data-target=\"#d366ffe083c909bce\" href=\"#d366ffe083c909bce\"><div class=\"fusion-toggle-icon-wrapper\"><i class=\"fa-fusion-box\"><\/i><\/div><div class=\"fusion-toggle-heading\">Transformation du business mod\u00e8le<\/div><\/a><\/h4><\/div><div id=\"d366ffe083c909bce\" class=\"panel-collapse collapse \"><div class=\"panel-body toggle-content fusion-clearfix\"><\/p>\r\n<div class=\"wp-block-media-text alignwide\" style=\"grid-template-columns: 30% auto;\">\r\n<figure class=\"wp-block-media-text__media\"><img loading=\"lazy\" class=\"alignnone wp-image-484 size-medium\" src=\"http:\/\/lily-perf.com\/lb170293-ovh\/wp-content\/uploads\/2019\/07\/Icon_testtube-300x285.png\" alt=\"\" width=\"300\" height=\"285\" \/><\/figure>\r\n<div class=\"wp-block-media-text__content\">\r\n<ul>\r\n<li>Int\u00e9gration verticale, concentration des acteurs<\/li>\r\n<li>Rupture technologique, obsolescence acc\u00e9l\u00e9r\u00e9e<\/li>\r\n<li>Ub\u00e9risation, concurrence de nouveaux entrants<\/li>\r\n<li>Evolution de la demande (facteurs soci\u00e9taux, \u00e9conomie d&#8217;usage, impact de r\u00e9putation)<\/li>\r\n<\/ul>\r\n<\/div>\r\n<\/div>\r\n<p><\/div><\/div><\/div><\/div><\/div>\r\n<\/div>\r\n<\/div>\r\n<p style=\"text-align: left;\">\r\n\r\n<\/p>\r\n<p>&nbsp;<\/p>\r\n<h2><strong>Mais aussi aux entreprises en recherche de solutions pour <span style=\"color: #00a13a;\">am\u00e9liorer leur performance de cash<\/span>.<\/strong><\/h2>\r\n<p style=\"text-align: left;\">\r\n\r\n<\/p>\r\n<h1><span style=\"color: #00a13a;\"><strong>Notre objectif: vous apporter les leviers d&#8217;un d\u00e9veloppement optimis\u00e9, durable et plus serein<\/strong><\/span>.<\/h1>\r\n<p style=\"text-align: left;\"><\/p>\r\n<p>&nbsp;<\/p>\r\n<p style=\"text-align: left;\"><\/p>\r\n<hr class=\"wp-block-separator is-style-wide\" \/>\r\n<p style=\"text-align: left;\">\r\n\r\n<\/p>\r\n<div class=\"wp-block-media-text alignwide\">\r\n<figure class=\"wp-block-media-text__media\"><img loading=\"lazy\" class=\"alignnone wp-image-67 size-full\" src=\"http:\/\/lily-perf.com\/lb170293-ovh\/wp-content\/uploads\/2019\/06\/shutterstock_311945906-1-e1563911603682.jpg\" alt=\"\" width=\"5827\" height=\"3815\" srcset=\"http:\/\/lily-perf.com\/lb170293-ovh\/wp-content\/uploads\/2019\/06\/shutterstock_311945906-1-e1563911603682-200x131.jpg 200w, http:\/\/lily-perf.com\/lb170293-ovh\/wp-content\/uploads\/2019\/06\/shutterstock_311945906-1-e1563911603682-300x196.jpg 300w, http:\/\/lily-perf.com\/lb170293-ovh\/wp-content\/uploads\/2019\/06\/shutterstock_311945906-1-e1563911603682-400x262.jpg 400w, http:\/\/lily-perf.com\/lb170293-ovh\/wp-content\/uploads\/2019\/06\/shutterstock_311945906-1-e1563911603682-600x393.jpg 600w, http:\/\/lily-perf.com\/lb170293-ovh\/wp-content\/uploads\/2019\/06\/shutterstock_311945906-1-e1563911603682-768x503.jpg 768w, http:\/\/lily-perf.com\/lb170293-ovh\/wp-content\/uploads\/2019\/06\/shutterstock_311945906-1-e1563911603682-800x524.jpg 800w, http:\/\/lily-perf.com\/lb170293-ovh\/wp-content\/uploads\/2019\/06\/shutterstock_311945906-1-e1563911603682-1024x670.jpg 1024w, http:\/\/lily-perf.com\/lb170293-ovh\/wp-content\/uploads\/2019\/06\/shutterstock_311945906-1-e1563911603682-1200x786.jpg 1200w, http:\/\/lily-perf.com\/lb170293-ovh\/wp-content\/uploads\/2019\/06\/shutterstock_311945906-1-e1563911603682.jpg 5827w\" sizes=\"(max-width: 5827px) 100vw, 5827px\" \/><\/figure>\r\n<div class=\"wp-block-media-text__content\">\r\n<p style=\"text-align: left;\">Notre exp\u00e9rience op\u00e9rationnelle, nous a convaincu que la p\u00e9rennit\u00e9 des savoir-faire &#8211; point d&#8217;ancrage de la croissance &#8211; s&#8217;acquiert uniquement par la <strong><span style=\"color: #00a13a;\">transformation pas-\u00e0-pas<\/span><\/strong>.<\/p>\r\n<p>\r\n\r\n<\/p>\r\n<p>Notre fa\u00e7on de faire est d&#8217;identifier et traiter de mani\u00e8re p\u00e9renne ce qui <span style=\"color: #cc1b1a;\"><strong>grippe<\/strong><\/span> dans l&#8217;organisation, tout en renfor\u00e7ant vos <strong><span style=\"color: #00a13a;\">points forts<\/span><\/strong>, qui constituent un levier de d\u00e9veloppement.<\/p>\r\n<p><\/p>\r\n<\/div>\r\n<\/div>\r\n<p style=\"text-align: left;\">\r\n\r\n<\/p>\r\n<hr class=\"wp-block-separator is-style-wide\" \/>\r\n<p style=\"text-align: left;\">\r\n\r\n<\/p>\r\n<h1 style=\"text-align: center;\"><a href=\"http:\/\/lily-perf.com\/lb170293-ovh\/fr-insights\/\">Nos insights<\/a><\/h1>\r\n<p style=\"text-align: left;\">","protected":false},"excerpt":{"rendered":"<p>NOUS AVONS CREE LILY-PERF PARCE QUE: Nous souhaitons avant tout [&hellip;]<\/p>\n","protected":false},"author":1,"featured_media":0,"parent":0,"menu_order":0,"comment_status":"closed","ping_status":"closed","template":"","meta":[],"_links":{"self":[{"href":"http:\/\/lily-perf.com\/lb170293-ovh\/wp-json\/wp\/v2\/pages\/452"}],"collection":[{"href":"http:\/\/lily-perf.com\/lb170293-ovh\/wp-json\/wp\/v2\/pages"}],"about":[{"href":"http:\/\/lily-perf.com\/lb170293-ovh\/wp-json\/wp\/v2\/types\/page"}],"author":[{"embeddable":true,"href":"http:\/\/lily-perf.com\/lb170293-ovh\/wp-json\/wp\/v2\/users\/1"}],"replies":[{"embeddable":true,"href":"http:\/\/lily-perf.com\/lb170293-ovh\/wp-json\/wp\/v2\/comments?post=452"}],"version-history":[{"count":43,"href":"http:\/\/lily-perf.com\/lb170293-ovh\/wp-json\/wp\/v2\/pages\/452\/revisions"}],"predecessor-version":[{"id":1153,"href":"http:\/\/lily-perf.com\/lb170293-ovh\/wp-json\/wp\/v2\/pages\/452\/revisions\/1153"}],"wp:attachment":[{"href":"http:\/\/lily-perf.com\/lb170293-ovh\/wp-json\/wp\/v2\/media?parent=452"}],"curies":[{"name":"wp","href":"https:\/\/api.w.org\/{rel}","templated":true}]}}